5 - g. Let a(l) = -l**2 + 4*l + 6. What is a(v)?
-6
Let h(u) = -u**2 + 1. Let t(w) be the first derivative of -w**3/3 + w**2/2 - 2*w + 1. Let c be (-6)/9*(-6)/4. Let m(y) = c*t(y) - 2*h(y). What is m(3)?
8
Let y(t) = t - 5. Suppose -4*v - 14 = -6*v. Determine y(v).
2
Let k(b) = b**3 - 6*b**2 + 4*b - 1. Let j = -31 - -49. Let y = 23 - j. Determine k(y).
-6
Let n(g) = -1 + 8*g - 9*g + 1 - 2*g**2 + 3. Let l(u) = 4*u**3 + 2*u**2 - 1. Let w be l(-1). Calculate n(w).
-12
Let r(p) = p**3 + 5*p**2 + p + 4. Let w be r(-5). Let y be -8*w/2*2. Let d = 5 - y. Let o(t) = t**3 + 4*t**2 + 2*t - 4. Calculate o(d).
-1
Let t(b) be the second derivative of -b**5/20 + 5*b**4/12 + 5*b**3/6 - b**2/2 - b. Determine t(6).
-7
Let o(z) = z**2 - 5. Let m be o(0). Let y(k) be the third derivative of 0 + 1/10*k**5 + 5/24*k**4 + 5/6*k**3 - k**2 + 0*k + 1/120*k**6. Determine y(m).
5
Let x(t) = -t**2 + 7*t - 6. Let m(j) = 5*j**3 + j**2. Suppose 0 = 2*k - 4 + 2. Let w be m(k). Calculate x(w).
0
Let s(o) be the second derivative of 1/3*o**4 + 2*o + 0*o**2 + 0 + 0*o**3. What is s(1)?
4
Suppose -3*w = -4*w + 1. Let y be (-5)/15*(-5 - w). Suppose 0 = 5*t - 2*z + 3, -5*z = y*t + 3*t + 10. Let m(v) = -3*v**3 - 2*v**2 - v. Give m(t).
2
Let k(g) = g**2 + 3*g - 5. Let j be k(2). Let t(f) = -f**2 + 5*f. Calculate t(j).
0
Let m(q) = 7*q + 6. Let n(x) = -8*x - 7. Let r(v) = 7*m(v) + 6*n(v). Suppose 2*w + o + 4 = 0, 0 = -2*w + 5*o - 13 - 15. Give r(w).
-4
Let i(h) = h**2 - 5*h - 6. Suppose 3*t = -5*f + 3, f + 0*f = -2*t - 5. Let o = t - -10. Calculate i(o).
0
Suppose 2*l + 14 = -5*x, l - 4*x + 2*x - 11 = 0. Let z(t) = -t**3 + 5*t - l*t + 6*t**2 - 3*t**2. Give z(3).
6
Let n(t) = 2*t. Let h(b) = -2*b - 1. Let q(w) = 3*h(w) + 4*n(w). Calculate q(5).
7
Let u(f) = 5*f - f**2 + 2*f**2 + 3*f**2 + f**2 + 1 + f**3. Calculate u(-4).
-3
Let z be 2 + (-3)/(-9)*-3 - 5. Let m(a) = a**3 + 3*a**2 - a - 1. What is m(z)?
-13
Let b(k) = 7 - 3*k**2 + 0 + k + 6*k + 2*k**2. What is b(8)?
-1
Let v(h) be the second derivative of h**3/2 + 7*h**2/2 - h. Give v(-6).
-11
Let g(h) be the second derivative of h**4/12 - h**3 - 3*h**2 - 14*h. Calculate g(8).
10
Suppose 4*h + 3*u - 31 = -0*u, -11 = -h - 4*u. Let o(q) = 3*q - q**3 + 1 + h - 5*q**2 - 2 + q**2. Give o(-4).
-6
Suppose s + 2 = -0*s. Let t be (8/(-16))/(s/16). Let c(q) = -q**3 + 4*q**2 - 3*q + 5. Determine c(t).
-7
Suppose -3*f = 3*f - 42. Let o(v) = -v**3 + 9*v**2 - 15*v + 4. Let q be o(f). Let u(d) = d**3 + 2*d**2. Calculate u(q).
-9
Suppose -12*z = -10*z + 8. Let k(d) = d - 1. Let q(w) = 3*w - 10. Let h(x) = -6*k(x) + q(x). Give h(z).
8
Suppose 5*d + 102 = 2*x - 0*d, -3*x = 4*d - 130. Suppose 2*n + 4 + 12 = 0. Let i be x/(-10) + n/20. Let g(q) = q**3 + 6*q**2 + 5*q. Calculate g(i).
0
Suppose -6*j = -3*j + 9. Suppose 64*h - 2 = 66*h. Let o be j/(-6)*(h - -1). Let q(r) = -r + 4. What is q(o)?
4
Let a be -3 + -2 + 1 + 0. Let j(k) = 1 - 9 - 12*k - 7*k**2 + 2. Let h(i) = 6*i**2 + 11*i + 6. Let v(w) = -5*h(w) - 4*j(w). Give v(a).
-10
Let c(y) = -y**3 - 3*y**2 + 4*y - 1. Let n(x) be the first derivative of x**2 + 9*x + 2. Let q be n(-6). Let h be 13/q + 5/15. What is c(h)?
-1
Let g(r) be the first derivative of r**3/3 - 4*r - 3. Let i(m) be the first derivative of g(m). Calculate i(2).
4
Let z(h) = 13 - 2 - 10 - 5 + h. Give z(-4).
-8
Let q(m) = -m. Let f = -24 + 18. Calculate q(f).
6
Suppose 10*t - 12 = 4*t. Let w(z) be the first derivative of -3/2*z**2 + 4*z - t. What is w(4)?
-8
Let f(o) = -1 - 2*o**3 + 3*o**3 + 7*o**3. Let l be (-1)/(-2*3/18). Let h be 4 - l - (4 + -2). Determine f(h).
-9
Let k(r) = -r**2 + 4*r - 2. Let w be k(3). Let o = -2 - w. Let b(i) = -3 + 3*i - 4*i - 2. Determine b(o).
-2
Let c = 15 + -10. Suppose c*u - 9 = -x, u - 3*x + 3 = 4*u. Let p(q) be the second derivative of q**5/20 - q**4/12 - q**3/2 + q**2 - q. Give p(u).
0
Let i = 32 + -30. Let g(l) be the second derivative of -1/12*l**4 - i*l**2 + 0 - 5/6*l**3 - 3*l. Calculate g(-5).
-4
Let q = -17 + 12. Let p(n) = -n - 7. Let k be p(q). Let f(z) = 3*z + 2. What is f(k)?
-4
Let b(o) = -o**2 + 6*o + 4. Let j be b(6). Suppose j*r + 6 + 2 = 0. Let s(p) = -2*p**3 - 2*p**2 + p - 2. Give s(r).
4
Let l(w) = w**3 + 3*w**2 + 2*w. Suppose -5*g - 14 = -44. Let m = -8 + g. Give l(m).
0
Suppose i = 2*y + 5, -y = 2*i - 0 + 10. Let f(j) = -4*j + 1. Let p(s) = -s**2 + 16*s - 4. Let k(q) = 9*f(q) + 2*p(q). Calculate k(i).
-5
Let n(f) be the second derivative of -1/6*f**3 - 3*f**2 + 0 + f. Determine n(-5).
-1
Let u(l) = 1 + l**3 - 14*l - 7*l**2 - 10*l + 29*l. Calculate u(6).
-5
Let v = 2 - 9. Let a = 3 + v. Let r(y) = 5*y**2 - 10*y - 5. Let g(k) = -2*k**2 + 5*k + 3. Let b(t) = -7*g(t) - 3*r(t). Give b(a).
-2
Let v(l) be the second derivative of -l**6/240 + l**5/60 + l**4/4 + 4*l. Let h(y) be the third derivative of v(y). Determine h(-2).
8
Suppose -1 + 16 = -3*c. Let n(t) = t**3 + 5*t**2 - t + 2. Determine n(c).
7
Let t(n) = 4*n + 12. Let r be t(-3). Let w = 2 - 0. Let b(s) = 0*s**3 - s**3 + s + s**w + 1 + 0. Calculate b(r).
1
Let j(l) = -l + 2. Let u(k) be the second derivative of -2*k**3/3 + 3*k**2 - 23*k. Let d be (-2)/(-2) - (3 + 0). Let a(m) = d*u(m) + 7*j(m). Give a(-2).
0
Let a(v) = 3*v**2 + 5*v - 4. Let d = -6 - -8. Let s(k) = k**2 + 2*k - 2. Let j(b) = d*a(b) - 5*s(b). What is j(2)?
6
Let y(p) be the first derivative of p**6/60 + p**3 - 3. Let g(d) be the third derivative of y(d). Calculate g(1).
6
Suppose 4*a + 5*t - 36 = 22, -2*t = -4. Suppose -4*s = -6*s - a. Let o(z) = -z - 10. Give o(s).
-4
Let q be 6 - 1*(2 + -1). Let g(y) = y**3 + 1 - 1 + q*y + 1 + 6*y**2. Let l be (-28)/6 - 4/12. Give g(l).
1
Suppose 0 = -f + 5*f - 36. Let w(r) = -r**2 + 8*r + 10. Let h be w(f). Let s(t) = -2*t**2 + h + 3*t**2 + 6. Determine s(0).
7
Let r(l) = -2 - 1 + 2 - 8*l. Let n be 2/(-3)*(-6)/4. What is r(n)?
-9
Suppose -2*f = -k - 4, 2*k + 7 = 3*f + 1. Let m(j) = -4*j**f - j**2 + 4*j**2. Let s(u) = -u**3 + 6*u**2 + 2*u - 15. Let o be s(6). Give m(o).
-9
Let l = -5 - -10. Let v(o) be the first derivative of 1 + l*o + 1/2*o**2. Calculate v(4).
9
Let t be 2/(-3)*(-1068)/8. Suppose 4*g = n - 26 + t, 4*g = 5*n + 75. Let f(l) = -1 + 5*l - 14*l**3 - 2 + 7*l**2 + g*l**3. What is f(-6)?
3
Suppose -21 - 17 = -3*w - i, 2*i = 10. Let v(g) = -3*g + w + 4*g - 13 - 3*g**2 + 2*g. Determine v(2).
-8
Let j(o) = o - 2. Let z(a) = -a + 2. Let p(b) = -2*j(b) - 3*z(b). Give p(-7).
-9
Let f(w) = w**2 + 9*w. Suppose -3*c + 6 = -2*p - 15, 3*c = 3. Calculate f(p).
0
Let g(b) = 2*b**3 + 2*b**2 + 2*b + 2. Let u be (0 - -3)/(2 - 14/4). Give g(u).
-10
Let g(t) = 13*t - 5. Let o(b) = 3*b - 1. Let w(c) = 2*g(c) - 9*o(c). Determine w(-2).
1
Let k = 55 + -54. Let a(q) = q + 1. Let z(i) = -i**2 + 5*i + 3. Let t(s) = 4*a(s) - z(s). Give t(k).
1
Suppose -4*g + 10 - 2 = 0. Let o(c) be the first derivative of g*c - 2/3*c**3 + 2 - 1/4*c**4 + 1/2*c**2. Give o(-3).
8
Let u(a) be the first derivative of a**7/840 + 7*a**6/360 + a**5/20 + a**4/8 + 4*a**3/3 - 1. Let v(c) be the third derivative of u(c). Give v(-6).
3
Suppose y + 12 = -2*y - 5*h, 5 = -4*y - 3*h. Let o(v) = 2*v - 8*v**3 + v**2 + v - 2*v - 3*v**2. Calculate o(y).
-9
Let v(z) = 0*z**3 + 0*z**3 + 3*z + z**3 + 5*z - 7*z**2. Calculate v(6).
12
Suppose 0 = -4*x + 3*x - 6. Suppose -5*g + 10*g - 20 = 0. Let j(w) = 0*w**2 - 3*w**2 - 10*w + g*w + 2*w**2 + 3. Determine j(x).
3
Let u(o) = 11*o**3 + 4*o**2 + o + 4. Let s(x) = 12*x**3 + 5*x**2 + x + 5. Let c(p) = -5*s(p) + 6*u(p). Determine c(1).
5
Let n(t) = -3*t**3 + t**2 + t. Let q be n(-1). Let f(w) = 4 - 6 + q*w + 3*w - 7*w. Calculate f(-3).
1
Suppose -t + 2*t + 2 = 0. Let u = 2 + t. Let p(o) = o + 1. Determine p(u).
1
Let w = -14 - -21. Suppose -3*g + w*g = 0. Suppose -12 = -3*u, -z + 3*u + 0*u - 18 = g. Let y(p) = -p**2 - 7*p - 9. What is y(z)?
-3
Let q(z) be the second derivative of z**3/6 + 3*z**2/2 + 4*z - 1. Determine q(0).
3
Let x(f) = -f**2. Let k(p) = -p**3 - p**2 + 2*p + 4. Let v be k(-2). Suppose 1 = 2*q - q + c, -v*c = 8. Determine x(q).
-9
Let f(w) be the first derivative of -1/2*w**2 + w + 2. Give f(4).
-3
Let h(v) = v**3 - v**2 + 1. Let s(j) = -4*j**3 - 2*j**2 - 4*j - 3. Let l(r) = 3*h(r) + s(r). Let u = 3 + -5. Let w = u - 2. What is l(w)?
0
Let f be (-2)/(-1 - 1) - -1. Suppose s = f*s + 1. Let u be s - ((-4)/2 - -1). Let i(l) = l**3 + l*